8.
1052
What is the remainder when 5551215 is divided by 517?
186
What is the remainder when 419173 is divided by 11971?
188
Calculate the remainder when 274835264 is divided by 732.
8
What is the remainder when 3779081 is divided by 3779081?
0
Calculate the remainder when 144216 is divided by 627.
6
What is the remainder when 2729996 is divided by 638?
632
What is the remainder when 17016 is divided by 2800?
216
Calculate the remainder when 523977 is divided by 261986.
5
Calculate the remainder when 810971 is divided by 810967.
4
What is the remainder when 1372831 is divided by 147?
145
What is the remainder when 29788 is divided by 345?
118
What is the remainder when 253805490 is divided by 3108?
3102
What is the remainder when 10067018 is divided by 67113?
68
Calculate the remainder when 29960788 is divided by 9.
4
What is the remainder when 1904057 is divided by 813?
11
What is the remainder when 555461 is divided by 98?
95
Calculate the remainder when 5753283 is divided by 101.
20
What is the remainder when 755784 is divided by 1217?
27
What is the remainder when 661174 is divided by 22034?
154
What is the remainder when 2464302 is divided by 17?
16
Calculate the remainder when 21662251 is divided by 747.
745
What is the remainder when 606645 is divided by 151241?
1681
What is the remainder when 4161962 is divided by 1131?
1013
What is the remainder when 4317861 is divided by 38?
35
Calculate the remainder when 11049947 is divided by 36.
35
Calculate the remainder when 116925 is divided by 37871.
3312
What is the remainder when 1236202 is divided by 5943?
58
Calculate the remainder when 1752499 is divided by 131.
112
What is the remainder when 4983289 is divided by 678?
667
Calculate the remainder when 2920344 is divided by 3527.
3515
Calculate the remainder when 311461 is divided by 4794.
4645
Calculate the remainder when 2632853 is divided by 5825.
5778
What is the remainder when 64078 is divided by 12517?
1493
What is the remainder when 161023946 is divided by 233?
209
Calculate the remainder when 235398 is divided by 13835.
203
Calculate the remainder when 378221 is divided by 3308.
1109
What is the remainder when 1288272 is divided by 17?
12
What is the remainder when 3328768 is divided by 53?
50
What is the remainder when 247867 is divided by 24781?
57
Calculate the remainder when 454403 is divided by 224558.
5287
Calculate the remainder when 6443516 is divided by 2147812.
80
What is the remainder when 3476792 is divided by 139050?
542
What is the remainder when 169148 is divided by 4027?
14
What is the remainder when 915124 is divided by 1770?
34
Calculate the remainder when 141167 is divided by 9411.
2
Calculate the remainder when 481444 is divided by 430.
274
Calculate the remainder when 22754286 is divided by 1303.
1300
What is the remainder when 6914502 is divided by 7150?
452
Calculate the remainder when 1916826 is divided by 42.
30
Calculate the remainder when 1093461 is divided by 18533.
14
Calculate the remainder when 579624 is divided by 84.
24
What is the remainder when 411987729 is divided by 6622?
6621
Calculate the remainder when 197837698 is divided by 5196.
5194
What is the remainder when 41673 is divided by 2298?
309
Calculate the remainder when 1074584 is divided by 1695.
1649
What is the remainder when 37954457 is divided by 218129?
11
Calculate the remainder when 59348 is divided by 59128.
220
What is the remainder when 103520352 is divided by 1414?
1412
Calculate the remainder when 15974393 is divided by 631.
628
What is the remainder when 114585 is divided by 802?
701
What is the remainder when 30491830 is divided by 896818?
18
Calculate the remainder when 2813689 is divided by 78158.
1
Calculate the remainder when 1371152 is divided by 685563.
26
Calculate the remainder when 1370568 is divided by 454198.
7974
Calculate the remainder when 46336 is divided by 7644.
472
What is the remainder when 451756 is divided by 168?
4
What is the remainder when 81398231 is divided by 14171?
7
Calculate the remainder when 274983 is divided by 2007.
24
What is the remainder when 17598763 is divided by 3585?
3583
What is the remainder when 202486 is divided by 5783?
81
What is the remainder when 620833 is divided by 36519?
10
What is the remainder when 2157237 is divided by 314?
57
What is the remainder when 260704 is divided by 46?
22
Calculate the remainder when 121638 is divided by 12160.
38
What is the remainder when 27687 is divided by 21080?
6607
Calculate the remainder when 48909 is divided by 47714.
1195
What is the remainder when 10567791 is divided by 4771?
26
What is the remainder when 235457302 is divided by 3230?
3222
What is the remainder when 25369475 is divided by 8456486?
17
What is the remainder when 42839 is divided by 1786?
1761
Calculate the remainder when 3065831 is divided by 939.
935
Calculate the remainder when 343617 is divided by 4989.
4365
Calculate the remainder when 14936046 is divided by 408.
390
Calculate the remainder when 9502375 is divided by 270.
265
What is the remainder when 294122 is divided by 73389?
566
What is the remainder when 2257026 is divided by 589?
567
Calculate the remainder when 7994 is divided by 5011.
2983
What is the remainder when 41963431 is divided by 13987808?
7
What is the remainder when 2644161 is divided by 409?
385
Calculate the remainder when 617200210 is divided by 197.
195
Calculate the remainder when 443780 is divided by 4476.
656
What is the remainder when 3663761 is divided by 2858?
2663
Calculate the remainder when 40225911 is divided by 277.
248
What is the remainder when 519135 is divided by 45?
15
What is the remainder when 3266803 is divided by 63?
1
Calculate the remainder when 642915 is divided by 9497.
6616
Calculate the remainder when 1361263655 is divided by 16438.
16437
Calculate the remainder when 204976 is divided by 8071.
3201
What is the remainder when 78849 is divided by 25541?
2226
Calculate the remainder when 74235 is divided by 2061.
39
What is the remainder when 745400169 is divided by 4575?
4569
Calculate the remainder when 314593 is divided by 2647.
2247
What is the remainder when 19679445 is divided by 756898?
97
What is the remainder when 752070 is divided by 1749?
0
What is the remainder when 23358302 is divided by 3893048?
14
What is the remainder when 2057126 is divided by 849?
848
What is the remainder when 1131568 is divided by 565740?
88
What is the remainder when 43311 is divided by 3254?
1009
Calculate the remainder when 1729258 is divided by 4515.
13
What is the remainder when 142270 is divided by 28450?
20
What is the remainder when 51256 is divided by 2556?
136
What is the remainder when 3263886 is divided by 4289?
4246
What is the remainder when 1933016 is divided by 645?
596
Calculate the remainder when 21210148 is divided by 16.
4
Calculate the remainder when 2947593 is divided by 245632.
9
What is the remainder when 61388997 is divided by 8?
5
What is the remainder when 452710 is divided by 899?
513
Calculate the remainder when 32636454 is divided by 80.
54
What is the remainder when 98040 is divided by 10019?
7869
What is the remainder when 730338 is divided by 691?
642
Calculate the remainder when 7222198 is divided by 176151.
7
What is the remainder when 7059103 is divided by 103?
101
Calculate the remainder when 80112544 is divided by 491.
2
What is the remainder when 40259 is divided by 4936?
771
Calculate the remainder when 1545761 is divided by 515241.
38
What is the remainder when 39564883 is divided by 393?
1
What is the remainder when 49087 is divided by 24542?
3
Calculate the remainder when 7673409 is divided by 4872.
9
Calculate the remainder when 8678082 is divided by 290.
122
What is the remainder when 2636902 is divided by 23?
21
What is the remainder when 143289 is divided by 1560?
1329
Calculate the remainder when 242400 is divided by 1660.
40
Calculate the remainder when 599458 is divided by 2178.
508
What is the remainder when 237881 is divided by 271?
214
What is the remainder when 605902 is divided by 533?
414
Calculate the remainder when 5815876 is divided by 6624.
4
What is the remainder when 13302659 is divided by 3325657?
31
What is the remainder when 1190427 is divided by 396780?
87
What is 